5*y - 4*p - 60 = 0, 4*p + 1 - 5 = -3*y. Let t(g) be the first derivative of -g**2/2 + 7*g + 475. Calculate t(y).
-1
Let n(p) be the second derivative of p**4/24 - 5*p**3/3 - 145*p**2/2 - 2*p + 2. Let f(h) be the first derivative of n(h). Give f(7).
-3
Suppose 5*q = 3*q + 152. Let t(r) = r + 62 + 34 - q. What is t(0)?
20
Let q(t) be the second derivative of 1/3*t**3 - 1/20*t**5 + 0 - 59*t + 1/4*t**4 - t**2. Suppose 10 = -3*v + 22. Calculate q(v).
-10
Let k(l) = l**3 - 6*l**2 + 2*l - 5. Let z = 1 + 5. Let b be k(z). Let y(v) be the first derivative of v**3/3 - 7*v**2/2 - 10*v + 426. Determine y(b).
-10
Let s(x) = x**2 - 6*x - 17. Let q be 0/(-2) + -2 + 16/((-80)/(-45)). Determine s(q).
-10
Let t(b) be the second derivative of b**3/6 + 7*b**2 - 423*b. Let g = -583 - -576. Determine t(g).
7
Let c(a) = 9*a**2 - 17*a + 58. Let f be c(9). Suppose -f*g - 24 = -640*g. Let p(j) = j - 4. Calculate p(g).
0
Suppose -17*g = -70 + 121. Let q be (69/46)/(g/16). Let d(x) = 3*x + 8. Determine d(q).
-16
Let y(d) = -5*d + 2. Let p(z) = -9*z + 4. Suppose 0 = 3*b + 4 + 8. Let u be ((-2)/5)/(56/(-245))*4. Let k(x) = b*p(x) + u*y(x). What is k(2)?
0
Let s(k) be the first derivative of 9*k**2/2 - 2*k - 503. Give s(-7).
-65
Let l(t) = -6*t**2 + 20*t + 6. Let s(h) = -2*h**2 + 7*h + 2. Let q(p) = 5*l(p) - 14*s(p). Let x(u) = 31*u**2 + 237*u + 142. Let r be x(-7). Calculate q(r).
-2
Let h be (31590/54)/15 - 43. Let g(d) be the second derivative of d**5/20 + d**4/3 - 2*d**2 - d. Give g(h).
-4
Let n(y) = -y. Suppose -3*z + 15 = -5*h, h - 2*z + 0 + 3 = 0. Let k be h/(-7) - (-720)/(-210). Give n(k).
3
Let j(y) be the second derivative of -3 + 9*y + 2/3*y**3 - 27*y**2 + 1/12*y**4. Let o be j(6). Let u(r) = -2*r + 3. Determine u(o).
-9
Suppose 4*r - 48 = 4*c - 24, -4*c = 3*r + 24. Let u(t) = -9*t - 8. Calculate u(c).
46
Let c = -2032 - -2034. Let s(l) = -l**3 - l**2 + 1. Let t(f) = 2*f**3 - 4*f**2 + 2*f + 1. Let r(y) = 2*s(y) - t(y). Determine r(c).
-27
Let a(g) = 8*g - 129 + 398*g**2 - 399*g**2 + 123. What is a(4)?
10
Suppose o + 1 = 7. Let n(f) = o*f + f**2 - 4 - 2 - 2. Let a = 7249 - 7255. Calculate n(a).
-8
Let o(b) = -9350*b - 14. Let f(y) = -11354*y - 17. Let x(r) = -14*f(r) + 17*o(r). Suppose k + 2 = -4*h - 9, -4*h + k - 13 = 0. What is x(h)?
-18
Let p(v) = -v**2 + v + 2. Let d(g) be the first derivative of 2*g**3 - 11*g**2/2 - 9*g - 54. Let j(k) = d(k) + 4*p(k). Determine j(5).
14
Suppose 24*v + 0*v = -35*v - 236. Let r(j) = 3 - 3*j - 4*j**3 + 2*j**2 + 3*j**3 - 6*j**2 + j**2. Give r(v).
31
Suppose 2*w - 77 = -11. Suppose 0 = 8*f - w + 1. Let k(g) = -g + 3. What is k(f)?
-1
Let u(p) = 3*p - 11 + 9 - 2. Suppose 2*t - 2 = -2*o, 2*t + 3 + 10 = o. Give u(t).
-16
Let m(r) be the second derivative of -19*r**4/12 - r**3 - r**2 - 2530*r. What is m(-2)?
-66
Let p = 8618 + -8607. Let x(z) = -z**3 + 12*z**2 - 7*z - 23. Give x(p).
21
Let i(g) be the first derivative of -g**4/4 - 7*g**3/3 + 4*g - 37. Let z = -2911 - -2904. Determine i(z).
4
Let c be 854/35 + (-4)/(-15) + (-1)/(-3). Let l(u) = u**3 - 24*u**2 - 22*u - 67. Calculate l(c).
8
Let g(c) = 140*c + 29. Let v(h) = 46*h + 10. Let l(j) = -2*g(j) + 7*v(j). Let w(m) = 15*m + 4. Let r(t) = -4*l(t) + 11*w(t). Calculate r(-5).
11
Let r(d) be the first derivative of 133 + 0*d + 0*d**3 + 1/2*d**2 + 1/4*d**4. Give r(-2).
-10
Let v(b) be the first derivative of b**4/4 + 10*b**3/3 + 7*b**2 - 4*b - 8439. Calculate v(-7).
45
Let b(k) be the third derivative of -2*k**2 + 0*k**3 + 0 + 3/8*k**4 + 1/60*k**5 + 18*k. Suppose 8 = -2*u, u - 23 = -2*v + 5*v. Calculate b(v).
0
Suppose -3*x + 5*b = 13, 0*b - 9 = 4*x - 5*b. Let g(t) = -2*t**2 - 20*t + 472. Let a(q) = -3*q**2 - 33*q + 767. Let v(l) = 8*a(l) - 13*g(l). Calculate v(x).
16
Suppose -4*d + p + 4 = 0, -d + p + 4 = -0*p. Let g(j) be the second derivative of 0*j**3 + 0 - 1/20*j**5 + 150*j + 5*j**2 - 1/12*j**4. Calculate g(d).
10
Let s(n) be the second derivative of 0 - 1/20*n**5 + 0*n**2 - 313*n + 1/2*n**4 - 7/6*n**3. Calculate s(5).
-10
Let i(h) = -35*h - 52*h**2 + 17*h**2 + 12 + h**3 - 51. Determine i(36).
-3
Let w(q) = -2*q**3 - q**2 + 6*q + 5. Let c = 4534 - 4538. Give w(c).
93
Let x(b) = -372*b - 2986. Let z be x(-8). Let i(y) = -y**3 - 10*y**2 + 5*y + 10. Determine i(z).
-40
Let a(r) be the third derivative of 41*r**4/24 + r**3/2 - 349*r**2. Calculate a(3).
126
Let i(k) = -6 - 2*k - 10*k**2 + 10*k**2 + 12 - k**2. Let s(o) be the first derivative of o**4/4 + o**3 - 2*o**2 - 6*o + 1. Let r be s(-4). Determine i(r).
-18
Let b(d) be the third derivative of d**6/120 + 7*d**5/60 - 3*d**4/8 - 11*d**3/6 - d**2. Let k(x) = -x**3 - 76*x**2 - 4*x - 312. Let t be k(-76). Determine b(t).
-3
Let w(y) = y**3 + y**2 + 10*y + 4. Let m be w(5). Let u(f) = 208*f - m*f - 11*f**2 - 4 + 10*f**2. Determine u(3).
-1
Let a(s) be the first derivative of -1/2*s**2 + 22 - 1/3*s**3 + 0*s. Calculate a(0).
0
Let i(f) = f + 8. Suppose 2*n = 5*r - 27, -4*n + 21 = r + 4*r. Suppose -5*m = -3*o - 59, 0 = -r*m - 0*m + 20. Calculate i(o).
-5
Let m(r) = -3 - 6 - 1398*r + 1406*r. Calculate m(10).
71
Let r(n) = -67*n**2 + 55*n - 201. Let d(x) = 94*x**2 - 82*x + 302. Let p(j) = -5*d(j) - 7*r(j). Calculate p(16).
41
Let h(q) = q**3 - 5*q**2 + 6*q - 4. Let g(o) = 12*o + 47. Let a be g(-3). Let k be (3/(-6))/(a/(-88)). Give h(k).
4
Let l be (-6 - 160/(-25))*-5. Let p(n) = -9*n**2 + 3*n. Let v(y) = -y**3 - 26*y**2 + 8*y + 1. Let w(s) = l*v(s) + 7*p(s). Give w(5).
-2
Let g = 138 - 136. Suppose -g*a + 6*a - 32 = 4*x, 0 = 5*x - 3*a + 34. Let n(v) be the third derivative of -v**5/60 - v**4/4 - v**3/6 + 2*v**2. Determine n(x).
4
Let u = 20840 + -20841. Let k(y) = 105*y - 8. Calculate k(u).
-113
Let f(z) = z**2 + 6*z + 13. Let y be ((-3)/(-2))/(95/(-380)). Calculate f(y).
13
Let u(s) = 4*s - 5. Let j be 6 + 22/(-4*4/40). Let d = 52 + j. Determine u(d).
7
Let j be (32/(-6))/(7/(-105)). Suppose 4*p = 0, 0 = -2*x - 3*p - 2*p + j. Suppose 0*n + x = 10*n. Let o(a) = a**2 - 6*a + 4. Determine o(n).
-4
Let c(d) = -39*d + 18*d**2 + 4 - 17 + 18 + d**3 + 15. Give c(-20).
0
Let y(l) = 2 - 2*l + 4 - 5. Let c(g) = 9*g + 37. Let w = -108 - -104. Let o be c(w). Give y(o).
-1
Let l = -21963 + 21954. Let z(m) = m - 1. Calculate z(l).
-10
Let r(f) be the third derivative of 0*f - 1/120*f**5 + 7/12*f**4 + 2*f**2 + 3*f**3 + 0. Let g(p) be the first derivative of r(p). Give g(7).
7
Let c(y) = 107*y**3 + 15*y**2 + 26*y + 16. Let a(p) = 67*p**3 + 10*p**2 + 17*p + 10. Let o(i) = -8*a(i) + 5*c(i). Calculate o(-5).
30
Let d(o) = -2*o - 288. Let u be d(0). Let l = -292 - u. Let a(q) = q**3 + 4*q**2. Give a(l).
0
Let i(x) = -2*x - 8. Let n be i(-6). Let l(a) = 5*a**2 + 2*a - 8. Let c(f) = -f**2 + f. Let p(m) = n*c(m) + l(m). Let u be ((-22)/6 - -4)/(2/(-36)). Give p(u).
-8
Let j(m) be the first derivative of m**3/3 - 23*m**2/2 + 69*m + 9. Let x be j(4). Let p(b) = b**3 + 5*b**2 - 11*b - 5. Give p(x).
-26
Suppose 0 = x - 4*r - 27, -19*r = -3*x - 14*r + 53. Let f(m) = -32 + x + m + 9 + 4 + 6. Determine f(-6).
-8
Suppose -3*t + t = -3*l + 8, 2*l = -t + 3. Let u be -2*l - (-16)/(-16). Let o(z) = -5. Let r(v) = v - 1. Let y(w) = -o(w) + r(w). Determine y(u).
-1
Let m be 16/(-1) + -2 + (556 - 541). Let b(o) = 3*o - 2 - 2*o**3 + 2*o - 3*o**2 - 2*o. Give b(m).
16
Let b be -1 - (6 + -20 + 5). Suppose -13*m = -b*m + 30. Let u(r) = 3 + 3*r + 5 - 4*r. Calculate u(m).
14
Let v = 7 + -2. Suppose -8*p = -v*p. Let k(n) = 5*n**2 - 8*n + 7. Let f(a) = 11*a**2 - 18*a + 15. Let x(i) = -4*f(i) + 9*k(i). Give x(p).
3
Let s = 141 - 135. Let w be s/(-8) - 231/44. Let v(p) = -p**2 - 9*p - 7. What is v(w)?
11
Let s(x) = 15*x**2 - 24*x**2 - 6*x + x**3 + 6 - 2*x**3. Let z be 1/(((-2)/1)/(25 - 9)). Give s(z).
-10
Let z(n) = -20*n + 532. Let k(d) = 13*d - 529. Let p(x) = 5*k(x) + 4*z(x). Calculate p(-34).
-7
Let l(y) be the second derivative of -y**4/12 + 5*y**3/3 - 3*y**2 + 5*y. Let k = 801 - 791. What is l(k)?
-6
Let s(r) be the first derivative of -r**2 - 18*r + 3244. What is s(-8)?
-2
Let k(a) = 174*a**3 - 682*a**3 + 167*a**3 + 5*a**2 - 2*a + 172*a**3 + 168*a**3. Suppose 2*y - y - 3 = 0. Let u be y/((-14)/(-4) - 2). Give k(u).
8
Let v(f) = f**3 - 5*f**2 - 42. Let g = 2736 + -2730. Give v(g).
-6
Let r(j) be the second derivative of -j**3/3 + 8*j**2 + 64*j + 4. What is r(8)?
0
Let p be (-3